{"id":247,"date":"2021-06-05T11:46:26","date_gmt":"2021-06-05T09:46:26","guid":{"rendered":"https:\/\/marktschaenke.anstaett-media.de\/?page_id=247"},"modified":"2021-06-09T11:17:57","modified_gmt":"2021-06-09T09:17:57","slug":"datenschutz","status":"publish","type":"page","link":"https:\/\/marktschaenke-badduerkheim.de\/web\/datenschutz\/","title":{"rendered":"Datenschutzerkl\u00e4rung"},"content":{"rendered":"<p>[et_pb_section fb_built=&#8220;1&#8243; fullwidth=&#8220;on&#8220; _builder_version=&#8220;4.9.2&#8243; _module_preset=&#8220;default&#8220;][et_pb_fullwidth_image src=&#8220;http:\/\/marktschaenke-badduerkheim.de\/web\/wp-content\/uploads\/2021\/05\/banner.png&#8220; title_text=&#8220;banner&#8220; _builder_version=&#8220;4.9.2&#8243; _module_preset=&#8220;default&#8220;][\/et_pb_fullwidth_image][\/et_pb_section][et_pb_section fb_built=&#8220;1&#8243; admin_label=&#8220;Kontakt&#8220; _builder_version=&#8220;4.9.2&#8243; _module_preset=&#8220;default&#8220;][et_pb_row admin_label=&#8220;Zeile&#8220; _builder_version=&#8220;4.9.2&#8243; _module_preset=&#8220;default&#8220;][et_pb_column type=&#8220;4_4&#8243; _builder_version=&#8220;4.9.2&#8243; _module_preset=&#8220;default&#8220;][et_pb_text admin_label=&#8220;Headline Datenschutz&#8220; _builder_version=&#8220;4.9.2&#8243; _module_preset=&#8220;default&#8220; text_font=&#8220;Montserrat||||||||&#8220; text_text_color=&#8220;#000000&#8243; text_font_size=&#8220;16px&#8220; text_line_height=&#8220;1.8em&#8220; header_2_font=&#8220;Montserrat|600|||||||&#8220; header_2_text_color=&#8220;#88B02E&#8220; header_2_font_size=&#8220;30px&#8220;]<\/p>\n<h2>Datenschutzerkl\u00e4rung<\/h2>\n<p>[\/et_pb_text][et_pb_divider divider_weight=&#8220;3px&#8220; _builder_version=&#8220;4.9.2&#8243; _module_preset=&#8220;default&#8220; width=&#8220;30%&#8220;][\/et_pb_divider][et_pb_text admin_label=&#8220;Text Datenschutz&#8220; _builder_version=&#8220;4.9.2&#8243; _module_preset=&#8220;default&#8220; text_font=&#8220;Montserrat||||||||&#8220; text_text_color=&#8220;#000000&#8243; text_font_size=&#8220;18px&#8220; text_line_height=&#8220;1.8em&#8220; header_2_font=&#8220;Montserrat|600|||||||&#8220; header_2_text_color=&#8220;#88B02E&#8220; header_2_font_size=&#8220;30px&#8220; text_orientation=&#8220;justified&#8220;]<strong>Information zum Datenschutz<\/strong><br \/>\nDie Nutzung dieser Website kann mit der Verarbeitung von personenbezogenen Daten verbunden sein. Damit diese Verarbeitungen f\u00fcr Sie nachvollziehbar sind, m\u00f6chten wir Ihnen mit den folgenden Informationen einen \u00dcberblick zu diesen Verarbeitungen verschaffen. Um eine faire Verarbeitung zu gew\u00e4hrleisten, m\u00f6chten wir Sie au\u00dferdem \u00fcber Ihre Rechte nach der Europ\u00e4ischen Datenschutz-Grundverordnung (DSGVO) und dem Bundesdatenschutzgesetz (BDSG) informieren.<\/p>\n<p><strong>I. Name und Anschrift des Verantwortlichen<\/strong><br \/>\nWenn Sie Fragen oder Anregungen zu diesen Informationen haben oder sich wegen der Geltendmachung Ihrer Rechte an uns wenden m\u00f6chten, richten Sie Ihre Anfrage bitte an:<br \/>\nHotel Restaurant Marktsch\u00e4nke Bad D\u00fcrkheim<br \/>\nInhaber: Gani Maraj<br \/>\nMarktgasse 1<br \/>\n67098 Bad D\u00fcrkheim<br \/>\nTel. 06322\/95260<br \/>\nE-Mail: info@marktschaenke-bad-duerkheim.de<\/p>\n<p><strong>II. Allgemeines zur Datenverarbeitung<\/strong><\/p>\n<p><strong>1. Umfang der Datenverarbeitung und Dauer der Speicherung<\/strong><br \/>\nWir verarbeiten personenbezogene Daten unter Beachtung der einschl\u00e4gigen Datenschutzvorschriften, insbesondere der DSGVO und des BDSG. Eine Datenverarbeitung durch uns findet nur auf der Grundlage einer gesetzlichen Erlaubnis statt. Bei der Nutzung dieser Website verarbeiten wir personenbezogene Daten nur mit Ihrer Einwilligung (Art. 6 Abs. 1 Buchst. a) DSGVO), zur Erf\u00fcllung eines Vertrags, dessen Vertragspartei Sie sind, oder auf Ihre Anfrage zur Durchf\u00fchrung vorvertraglicher Ma\u00dfnahmen (Art. 6 Abs. 1 Buchst. b) DSGVO), zur Erf\u00fcllung einer rechtlichen Verpflichtung (Art. 6 Abs. 1 Buchst. c) DSGVO) oder wenn die Verarbeitung zu Wahrung unser berechtigten Interessen oder den berechtigten Interessen eines Dritten erforderlich ist, sofern nicht Ihre Interessen oder Grundrechte und Grundfreiheiten, die den Schutz personenbezogener Daten erfordern, \u00fcberwiegen (Art. 6 Abs. 1 Buchst. f) DSGVO).<\/p>\n<p>Sofern sich aus den folgenden Hinweisen nichts anderes ergibt, speichern wir die Daten nur solange, wie es zur Erreichung des Verarbeitungszwecks oder f\u00fcr die Erf\u00fcllung unserer vertraglichen oder gesetzlichen Pflichten erforderlich ist. Solche gesetzlichen Aufbewahrungspflichten k\u00f6nnen sich insbesondere aus handels- oder steuerrechtlichen Vorschriften ergeben.<\/p>\n<p><strong>2. Automatisierte Datenverarbeitung des Servers<\/strong><br \/>\n<strong>Verarbeitung von Server-Log-Files<\/strong><br \/>\nBei der rein informativen Nutzung unserer Website werden zun\u00e4chst automatisiert (also nicht \u00fcber eine Registrierung) allgemeine Informationen gespeichert, die Ihr Browser an unseren Server \u00fcbermittelt. Hierzu z\u00e4hlen standardm\u00e4\u00dfig: Browsertyp\/ -version, verwendetes Betriebssystem, aufgerufene Seite, die zuvor besuchte Seite (Referrer URL), IP-Adresse, Datum und Uhrzeit der Serveranfrage und HTTP-Statuscode. Die Verarbeitung erfolgt zur Wahrung unserer berechtigten Interessen und beruht auf der Rechtsgrundlage des Art. 6 Abs. 1 Buchst. f) DSGVO. Diese Verarbeitung dient der technischen Verwaltung und der Sicherheit der Website. Die gespeicherten Daten werden gel\u00f6scht, wenn nicht aufgrund konkreter Anhaltspunkte ein berechtigter Verdacht auf eine rechtswidrige Nutzung besteht und eine weitere Pr\u00fcfung und Verarbeitung der Informationen aus diesem Grund erforderlich ist.<\/p>\n<p><strong>3. Datenverarbeitung durch Nutzerangaben<\/strong><br \/>\nDie Informationserhebungen durch Kontaktformulare, Registrierungen, Anmeldungen zu Newslettern, etc. findet auf unserer Website nicht statt.<\/p>\n<p><strong>4. Cookies<\/strong><br \/>\nWir verwenden auf unserer Website Cookies. Bei Cookies handelt es sich um kleine Textdateien, die durch Ihren Browser gespeichert werden, wenn Sie eine Website besuchen. Hierdurch wird der verwendete Browser gekennzeichnet und kann durch unseren Webserver wiedererkannt werden. Dabei verwenden wir insbesondere dauerhafte Cookies (\u201ePersistent Cookies\u201c) f\u00fcr die Analyse unserer Website. Diese Cookies werden automatisiert nach einer vorgegebenen Dauer gel\u00f6scht, die sich je nach Cookie unterscheiden kann. Sofern es durch diese Verwendung von Cookies zu einer Verarbeitung personenbezogener Daten kommt, beruht diese auf der Rechtsgrundlage des Art. 6 Abs. 1 Buchst. f) DSGVO. Diese Verarbeitung dient unserem berechtigten Interesse, unsere Website nutzerfreundlicher, effektiver sowie sicherer zu machen. Sie k\u00f6nnen die Cookies in den Sicherheitseinstellungen Ihres Browsers jederzeit l\u00f6schen. Sie k\u00f6nnen der Verwendung von Cookies durch Ihre Browsereinstellungen grunds\u00e4tzlich widersprechen.<\/p>\n<p><strong>5. Social Media<\/strong><br \/>\nDie auf unserer Seite eingebundenen Links zu Social Media sind nicht \u00fcber sogenannte Plugins eingebunden. Die eingebundenen Grafiken mit Logo der Anbieter enthalten lediglich eine HTTP-Verkn\u00fcpfung zu unseren Seiten bei dem jeweiligen Anbieter. Bei dem Aufruf unserer Website wird also keine direkte Verbindung mit den Servern der Anbieter hergestellt.<\/p>\n<p><strong>6. WordPress<\/strong><br \/>\nAls weit verbreitete Plattform zum Management von Websiten erlaubt WordPress die Installation von verschiedenen Unterprogrammen, die als Plug-Ins bezeichnet werden. Plug-Ins \u00fcber die personenbezogene Daten verarbeitet werden, sind im Rahmen der Datenschutzerkl\u00e4rung anzugeben. Z.B.<\/p>\n<p>AddThis<br \/>\nJetpack f\u00fcr WordPress<br \/>\nShariff[\/et_pb_text][\/et_pb_column][\/et_pb_row][\/et_pb_section]<\/p>\n","protected":false},"excerpt":{"rendered":"<p>[et_pb_section fb_built=&#8220;1&#8243; fullwidth=&#8220;on&#8220; _builder_version=&#8220;4.9.2&#8243; _module_preset=&#8220;default&#8220;][et_pb_fullwidth_image src=&#8220;http:\/\/marktschaenke-badduerkheim.de\/web\/wp-content\/uploads\/2021\/05\/banner.png&#8220; title_text=&#8220;banner&#8220; _builder_version=&#8220;4.9.2&#8243; _module_preset=&#8220;default&#8220;][\/et_pb_fullwidth_image][\/et_pb_section][et_pb_section fb_built=&#8220;1&#8243; admin_label=&#8220;Kontakt&#8220; _builder_version=&#8220;4.9.2&#8243; _module_preset=&#8220;default&#8220;][et_pb_row admin_label=&#8220;Zeile&#8220; _builder_version=&#8220;4.9.2&#8243; _module_preset=&#8220;default&#8220;][et_pb_column type=&#8220;4_4&#8243; _builder_version=&#8220;4.9.2&#8243; _module_preset=&#8220;default&#8220;][et_pb_text admin_label=&#8220;Headline Datenschutz&#8220; _builder_version=&#8220;4.9.2&#8243; _module_preset=&#8220;default&#8220; text_font=&#8220;Montserrat||||||||&#8220; text_text_color=&#8220;#000000&#8243; text_font_size=&#8220;16px&#8220; text_line_height=&#8220;1.8em&#8220; header_2_font=&#8220;Montserrat|600|||||||&#8220; header_2_text_color=&#8220;#88B02E&#8220; header_2_font_size=&#8220;30px&#8220;] Datenschutzerkl\u00e4rung [\/et_pb_text][et_pb_divider divider_weight=&#8220;3px&#8220; _builder_version=&#8220;4.9.2&#8243; _module_preset=&#8220;default&#8220; width=&#8220;30%&#8220;][\/et_pb_divider][et_pb_text admin_label=&#8220;Text Datenschutz&#8220; _builder_version=&#8220;4.9.2&#8243; _module_preset=&#8220;default&#8220; text_font=&#8220;Montserrat||||||||&#8220; text_text_color=&#8220;#000000&#8243; text_font_size=&#8220;18px&#8220; text_line_height=&#8220;1.8em&#8220; header_2_font=&#8220;Montserrat|600|||||||&#8220; header_2_text_color=&#8220;#88B02E&#8220; header_2_font_size=&#8220;30px&#8220; text_orientation=&#8220;justified&#8220;]Information zum Datenschutz Die Nutzung dieser Website kann [&hellip;]<\/p>\n","protected":false},"author":2,"featured_media":0,"parent":0,"menu_order":0,"comment_status":"closed","ping_status":"closed","template":"","meta":{"_et_pb_use_builder":"on","_et_pb_old_content":"","_et_gb_content_width":"","footnotes":""},"class_list":["post-247","page","type-page","status-publish","hentry"],"_links":{"self":[{"href":"https:\/\/marktschaenke-badduerkheim.de\/web\/wp-json\/wp\/v2\/pages\/247","targetHints":{"allow":["GET"]}}],"collection":[{"href":"https:\/\/marktschaenke-badduerkheim.de\/web\/wp-json\/wp\/v2\/pages"}],"about":[{"href":"https:\/\/marktschaenke-badduerkheim.de\/web\/wp-json\/wp\/v2\/types\/page"}],"author":[{"embeddable":true,"href":"https:\/\/marktschaenke-badduerkheim.de\/web\/wp-json\/wp\/v2\/users\/2"}],"replies":[{"embeddable":true,"href":"https:\/\/marktschaenke-badduerkheim.de\/web\/wp-json\/wp\/v2\/comments?post=247"}],"version-history":[{"count":1,"href":"https:\/\/marktschaenke-badduerkheim.de\/web\/wp-json\/wp\/v2\/pages\/247\/revisions"}],"predecessor-version":[{"id":287,"href":"https:\/\/marktschaenke-badduerkheim.de\/web\/wp-json\/wp\/v2\/pages\/247\/revisions\/287"}],"wp:attachment":[{"href":"https:\/\/marktschaenke-badduerkheim.de\/web\/wp-json\/wp\/v2\/media?parent=247"}],"curies":[{"name":"wp","href":"https:\/\/api.w.org\/{rel}","templated":true}]}}